626.
16
What is the remainder when 306218 is divided by 5212?
3922
What is the remainder when 21086 is divided by 10473?
140
What is the remainder when 809 is divided by 386?
37
What is the remainder when 21888160 is divided by 195?
190
What is the remainder when 16765719 is divided by 543?
51
Calculate the remainder when 30425 is divided by 5158.
4635
Calculate the remainder when 227435908 is divided by 26.
24
What is the remainder when 237313 is divided by 39360?
1153
What is the remainder when 5059104 is divided by 14?
8
Calculate the remainder when 29322785 is divided by 4667.
24
What is the remainder when 23692775 is divided by 801?
797
Calculate the remainder when 2205405 is divided by 2205345.
60
What is the remainder when 120829 is divided by 3661?
16
Calculate the remainder when 82242 is divided by 8176.
482
What is the remainder when 13606896 is divided by 5?
1
What is the remainder when 8974596 is divided by 52?
20
Calculate the remainder when 19704 is divided by 9834.
36
Calculate the remainder when 122215 is divided by 30546.
31
What is the remainder when 310567 is divided by 340?
147
Calculate the remainder when 3204652 is divided by 640913.
87
What is the remainder when 3714246 is divided by 10404?
18
Calculate the remainder when 207086 is divided by 9854.
152
What is the remainder when 13615636 is divided by 3626?
6
Calculate the remainder when 5846634 is divided by 224.
10
Calculate the remainder when 1143589 is divided by 4826.
4653
What is the remainder when 43024 is divided by 3261?
631
What is the remainder when 71602 is divided by 170?
32
Calculate the remainder when 1923579 is divided by 1923573.
6
What is the remainder when 72644252 is divided by 288?
284
Calculate the remainder when 6823 is divided by 1018.
715
What is the remainder when 11657 is divided by 10988?
669
What is the remainder when 60808 is divided by 3314?
1156
Calculate the remainder when 19616597 is divided by 338217.
11
Calculate the remainder when 2012713 is divided by 69.
52
Calculate the remainder when 2322479 is divided by 264.
71
What is the remainder when 525471 is divided by 2085?
51
Calculate the remainder when 5716942 is divided by 2198.
2142
Calculate the remainder when 961972 is divided by 3044.
68
Calculate the remainder when 933080 is divided by 521.
490
What is the remainder when 207022441 is divided by 3577?
3566
What is the remainder when 9168287 is divided by 47?
44
Calculate the remainder when 12448031 is divided by 218.
13
Calculate the remainder when 101878615 is divided by 11209.
14
Calculate the remainder when 766201 is divided by 76612.
81
What is the remainder when 885484 is divided by 2236?
28
Calculate the remainder when 5983107 is divided by 24.
3
What is the remainder when 618581 is divided by 123704?
61
What is the remainder when 471244 is divided by 250?
244
Calculate the remainder when 4785445 is divided by 9290.
1095
What is the remainder when 564414 is divided by 16594?
218
What is the remainder when 4668386 is divided by 4400?
4386
Calculate the remainder when 14787786 is divided by 2351.
2347
Calculate the remainder when 634648 is divided by 1758.
10
What is the remainder when 70395277 is divided by 10?
7
Calculate the remainder when 33105415 is divided by 56.
7
Calculate the remainder when 184916615 is divided by 16.
7
What is the remainder when 767671 is divided by 187?
36
Calculate the remainder when 726664 is divided by 189.
148
What is the remainder when 5381262 is divided by 1347?
1344
What is the remainder when 285200 is divided by 10469?
2537
What is the remainder when 12357901 is divided by 1534?
1531
What is the remainder when 1618728 is divided by 2031?
21
Calculate the remainder when 1235579 is divided by 411859.
2
What is the remainder when 3424266 is divided by 1342?
824
Calculate the remainder when 5263065 is divided by 72.
9
Calculate the remainder when 49563874 is divided by 779.
778
Calculate the remainder when 2914123 is divided by 472.
467
What is the remainder when 2627878 is divided by 16954?
8
Calculate the remainder when 1386178 is divided by 346541.
14
Calculate the remainder when 41792 is divided by 4932.
2336
Calculate the remainder when 230359904 is divided by 87.
86
Calculate the remainder when 258367 is divided by 8785.
3602
Calculate the remainder when 262539 is divided by 130877.
785
What is the remainder when 1098518 is divided by 366008?
494
Calculate the remainder when 1232373 is divided by 128.
117
Calculate the remainder when 15549666 is divided by 14.
6
Calculate the remainder when 3318349 is divided by 59.
12
What is the remainder when 5730580 is divided by 289?
288
What is the remainder when 97441726 is divided by 32?
30
Calculate the remainder when 353399 is divided by 537.
53
What is the remainder when 8487103 is divided by 1086?
13
What is the remainder when 1536844 is divided by 13024?
12
Calculate the remainder when 378157 is divided by 62948.
469
Calculate the remainder when 79256969 is divided by 1979.
1977
Calculate the remainder when 13059902 is divided by 217665.
2
Calculate the remainder when 14902751 is divided by 404.
403
Calculate the remainder when 426700 is divided by 105942.
2932
Calculate the remainder when 299616362 is divided by 21873.
8
Calculate the remainder when 2232 is divided by 1137.
1095
Calculate the remainder when 13738034 is divided by 25872.
2
What is the remainder when 24635708 is divided by 127?
121
What is the remainder when 62710645 is divided by 1148?
1145
What is the remainder when 3903056 is divided by 975762?
8
Calculate the remainder when 6584 is divided by 1441.
820
What is the remainder when 105784397 is divided by 12?
5
What is the remainder when 3914770 is divided by 782828?
630
Calculate the remainder when 8698280 is divided by 187.
162
What is the remainder when 1321169 is divided by 17853?
47
What is the remainder when 332927829 is divided by 30266166?
3
What is the remainder when 154928 is divided by 2186?
1908
What is the remainder when 449256 is divided by 4448?
8
Calculate the remainder when 1626351 is divided by 31.
29
Calculate the remainder when 462160 is divided by 3827.
2920
What is the remainder when 29472244 is divided by 446549?
10
Calculate the remainder when 130400 is divided by 194.
32
Calculate the remainder when 815155 is divided by 21937.
3486
Calculate the remainder when 37402084 is divided by 1005.
4
Calculate the remainder when 8378979 is divided by 430.
429
What is the remainder when 31848 is divided by 15451?
946
Calculate the remainder when 74996512 is divided by 3386.
3384
What is the remainder when 497649240 is divided by 21?
18
Calculate the remainder when 12765586 is divided by 1708.
1702
What is the remainder when 877715 is divided by 72?
35
What is the remainder when 1543952733 is divided by 2466?
2463
Calculate the remainder when 55283018 is divided by 20.
18
Calculate the remainder when 66650853 is divided by 352.
5
What is the remainder when 29054654 is divided by 263?
255
Calculate the remainder when 56953803 is divided by 272.
267
What is the remainder when 2014324 is divided by 335720?
4
Calculate the remainder when 287923 is divided by 412.
347
Calculate the remainder when 3414778 is divided by 4985.
53
What is the remainder when 32774067 is divided by 14938?
95
Calculate the remainder when 106295 is divided by 35402.
89
What is the remainder when 669197 is divided by 65?
22
What is the remainder when 227810 is divided by 45532?
150
Calculate the remainder when 523125 is divided by 26155.
25
Calculate the remainder when 5403772438 is divided by 402.
400
What is the remainder when 21994675 is divided by 349?
346
What is the remainder when 454684 is divided by 166?
10
Calculate the remainder when 19743 is divided by 2801.
136
Calculate the remainder when 11655690 is divided by 105.
60
Calculate the remainder when 13270755 is divided by 1330.
15
What is the remainder when 142174 is divided by 551?
16
Calculate the remainder when 11132731 is divided by 11132730.
1
Calculate the remainder when 118439 is divided by 11779.
649
Calculate the remainder when 59703643 is divided by 46.
13
Calculate the remainder when 610095 is divided by 13187.
3493
Calculate the remainder when 128182 is divided by 26